me?
True
Suppose -14*b + 10*b - 12486 = -3*w, 4162 = w - 5*b. Is w a prime number?
False
Let g = 72455 + -3878. Is g a prime number?
False
Suppose 0 = -p - 0*p + 347125 + 113754. Is p prime?
False
Let p(k) = k**3 - 23*k**2 + 5*k - 83. Let z = 33 - 5. Is p(z) a prime number?
False
Let z = 202740 - 138149. Is z a composite number?
False
Let t = 5772 - 2843. Let f = 5082 - t. Is f a prime number?
True
Suppose 553*i - 41966 = -w + 554*i, 2*w = -i + 83941. Is w prime?
True
Is (69908860/(-105))/(3 - (-65)/(-15)) composite?
False
Suppose -1763381 = -16*k + 581915. Is k prime?
True
Let j(z) = -88*z + 18. Let s(y) = -82*y + 17. Let i(h) = 6*j(h) - 7*s(h). Let a(c) = c**2 - 3*c + 3. Let k be a(5). Is i(k) prime?
True
Suppose 270041 = 4*a - 3*q, 3*a - q - 21526 - 181016 = 0. Is a composite?
True
Suppose 174 + 146 = 4*k. Let f = 84 - k. Is 20 - (-3 + f/2) a composite number?
True
Let r = -218549 - -359936. Is r a composite number?
True
Let d be 3 + -3*2*(-3)/9. Suppose u + d*u = 12. Suppose -u*t + 2506 = 2*g, 5*t = 2*g - 495 - 1983. Is g a prime number?
True
Let q be (-132525)/(-50) + 2/4. Let u = -942 + q. Is u a composite number?
False
Let g be (46/(-4))/((-7)/5866) + -1. Let i = -6473 + g. Is i prime?
True
Let p(r) = 9*r**2 - 6*r + 60. Let w be p(-16). Suppose -10*a + w = 10*a. Is a prime?
False
Let w(h) = h**3 + 7*h**2 + 11*h + 11. Let u be w(-5). Is (4/((-24)/16726))/((-2)/u) composite?
False
Let i(j) = -194*j + 60. Let z be i(-21). Suppose -4*b + z = 2*t, 5*t - b = -0*b + 10357. Is t prime?
False
Suppose -2*z + 4*z - 170886 = 2*p, 170861 = 2*z + 3*p. Let w = z - 50919. Is w prime?
True
Suppose 2*z = -4*q + 360, -16 = z + 3*z. Suppose -2*s + 18 = -q. Let y = 390 - s. Is y composite?
True
Let w be (3 - (-4)/4)*(-6)/(-4). Let t be ((-4)/w)/2 - 30855/(-9). Let b = -1375 + t. Is b composite?
False
Let s be 6/(-4) + ((-18)/(-12))/1. Suppose s*j = 4*d - 4*j - 26920, 13464 = 2*d + 2*j. Is d a prime number?
False
Suppose 3*w + 48 = 3*l, -3*l = 2*l. Let s = w - -20. Is 8/12*738/s prime?
False
Let j = 21533 - 11946. Is j prime?
True
Let v be (-210)/(-27) - 2/(-9). Suppose 0*z - 7*z + 168 = 0. Is 5134/v + z/(-32) prime?
True
Let n(l) = 2*l - 10. Let v be n(8). Suppose v*r - 644 = 5*r. Let c = -285 + r. Is c a prime number?
True
Let t(d) = 23 + 10*d**2 - 3 + 2*d - 9*d**2. Let c be t(14). Let j = c + -38. Is j prime?
False
Suppose 5*u + 26160 = -4*w + 298027, -2*w + 163119 = 3*u. Is u a prime number?
True
Suppose 18*f - 2161380 = 15*f - 3*p, -2*p - 14 = 0. Is f prime?
False
Let z be 20/(-8) - ((-45)/(-10) + -4). Let c(a) = -2547*a - 48. Is c(z) prime?
False
Suppose -2*m - 4*t + 0 = -58, -5*t = -3*m + 32. Let z be -10 + 9 + (-9 - 8). Is 769*1*(z + m) a composite number?
False
Suppose 0*j = 4*j - 8. Suppose -v + 24352 = 3*v + 4*g, -12181 = -j*v - g. Suppose 5*a + v = 14*a. Is a composite?
False
Let i(v) = -2*v**2 - 6*v + 3. Let m be i(-3). Let q be 1385/30 - 1/6. Suppose -m*z = -z - q. Is z a composite number?
False
Let s be -44 - (-1 + 5 + -4). Is (-3517)/(-2) + (-22)/s a composite number?
False
Suppose -1060830 + 187983 = -9*f. Is f composite?
True
Is (-11370104)/(-4 + -4) + 7 + 1 + 2 a composite number?
True
Let h(u) = -61*u - 10. Suppose 12 = -t - 4*g, g - 14 = 3*t + 9. Let z be (t/(1 + 0))/(1/1). Is h(z) a prime number?
False
Suppose t - 17 = -2*g, 5 - 13 = t - 3*g. Suppose -7983 = t*m - 16*m. Is m a composite number?
False
Let o(q) = 151*q - 54 - 94*q - 245. Is o(16) composite?
False
Let y be 2/4 + (-450)/12. Let b = 46 + y. Is ((-1266)/b)/(2/(-3)) a composite number?
False
Is (-8)/(-12)*(405585/10 - 0) composite?
True
Let n = 38301 - -3586. Is n prime?
True
Suppose 372181 = 34*g - 221697. Is g a composite number?
False
Let r be (-12)/(-15)*(-15)/(-2). Let k(w) = 18*w**3 - 10*w**2 - 9*w + 15. Is k(r) a composite number?
True
Let b(g) = -215*g - 1043. Is b(-74) a composite number?
False
Suppose -3*a - 19084 - 7149 = -d, -3*d + 4*a = -78689. Is d composite?
False
Let f = -7359 + 19712. Is f composite?
True
Suppose 0 = 440*s - 447*s. Suppose s = -12*x + 5*x + 41251. Is x a prime number?
False
Let s(o) = 2*o**3 - 15*o**2 + 15*o - 9. Let q = -39 + 49. Let f be s(q). Let d = f + 60. Is d a prime number?
True
Suppose -3*z = 2*z - 10. Let h = 366 + -362. Is z/h + (-506)/(-4) a prime number?
True
Suppose 0 = c, u = -5*c - 0 + 4. Suppose -h + 14346 = -u*n - 6857, 3*n = -4*h + 84831. Is h a prime number?
False
Is 11424*7 + (-10 + 2 - -7) a composite number?
False
Let m(y) = 1198*y**2 + 865*y - 19. Is m(6) composite?
False
Let y(l) = 24015*l**2 - 7*l - 3. Is y(2) composite?
False
Let u be (0 - 3731/(-63)) + (-4)/18. Suppose 0 = 11*f - 8*f - 2*i - 41, i + u = 5*f. Suppose f*p - 2370 = -4*p. Is p prime?
False
Let z(p) = -210*p + 3. Let m be z(-1). Suppose -370 = -3*r - 2*c, -2*r + 39 = -4*c - m. Is (-4)/(-4) - (-2 - r) a prime number?
True
Suppose 0 = -u - 2*n + 44781, 59405 + 119722 = 4*u + 5*n. Is u a composite number?
True
Suppose 0*v - 2*v - 7 = -i, -5*i = -25. Is 105/(-63) - (12593/(-3) - v) a prime number?
False
Let s = 5191 - 1526. Is s a prime number?
False
Let k(c) = 3*c**3 - 95*c**2 + 268*c - 91. Is k(45) a composite number?
True
Let r(x) = -20*x**3 - 4*x**2 + 2*x - 1. Let t be r(5). Suppose 1549*g + 8460 = 1554*g. Let f = g - t. Is f a composite number?
False
Let s be (3 + -4 - -1)*-1. Suppose 5*h + i - 7135 = -s*i, 2*h - 4*i - 2832 = 0. Suppose -h = -v + 5*m, m - 3*m = -4*v + 5758. Is v composite?
True
Let l = 3023 + 19498. Suppose -11283 = -2*v + 5*p, 4*v - 4*p = -9*p + l. Let k = v + -3171. Is k prime?
False
Let k(c) = -c**2 - 28*c - 56. Let j(w) = -w**2 - 29*w - 57. Let p(v) = 6*j(v) - 5*k(v). Is p(-23) a composite number?
False
Let i(x) = 5092*x - 129. Let a be i(13). Suppose 4*q - 53089 = a. Is q composite?
False
Let r(q) = 949*q - 1. Let u be r(2). Suppose 3*g - 5*j = -772, 0 = 2*g + 3*g + j + 1324. Let l = u - g. Is l a prime number?
True
Suppose -2*c + 8399 - 2818 = 3*u, u = -5*c + 1856. Is u a prime number?
True
Suppose -2*c - 21 = 3*g - 24, 5*g - 25 = 0. Is (2/c)/(67/(-961383)) a composite number?
False
Suppose -436*y - 3*c - 475280 = -438*y, -c - 6 = 0. Is y prime?
True
Let l(t) = 9*t + 6821. Suppose 0 = -5*z + 2*c + 8 - 6, 3 = z - 3*c. Is l(z) a composite number?
True
Let k(u) = 7*u - 539*u**2 + 1 - 1054*u**2 + 234*u**2. Let y be k(-1). Let q = 482 - y. Is q prime?
True
Let m be ((-3)/((-12)/34))/(6/31248). Suppose -2*o - 4*u = -7*o + m, -4*o - 5*u = -35439. Let p = o + -4661. Is p composite?
True
Suppose 5*s = -v + 255, -2*s - 3*v + 16 + 99 = 0. Let k = s + -34. Suppose -14*d = -k*d + 410. Is d a composite number?
True
Let n be (1*-1*2)/((-2)/56). Let o = n - -22. Suppose -j - 3*j = -2*q + o, -4*q + 152 = -4*j. Is q a prime number?
True
Let o(v) be the second derivative of v**5/20 + v**4/2 - v**3 - 5*v**2 + 5*v - 11. Suppose 3*a = -19 + 7. Is o(a) a composite number?
True
Let l(d) = 607*d**2 + 115*d - 13. Is l(10) a prime number?
True
Suppose -20*c + 29710 = -68610. Let u = c - 1483. Is u prime?
True
Suppose 5*a = -n + 15, 2*a + 0*a - 4*n = 6. Let v = 5305 - 5253. Suppose -w + v = a*w. Is w prime?
True
Suppose -2*v - 9400 = 6*v. Let f = 13986 - v. Is f prime?
True
Let i = -315196 + 464529. Is i prime?
True
Suppose 5222 + 13518 = 20*q. Let h = q - 119. Is h a composite number?
True
Let z = 141013 + 15036. Is z a prime number?
False
Suppose -141216 = 128*t - 136*t. Suppose -15*x + t = -3*x. Is x a prime number?
True
Let k be (-57)/(-27) - (-3)/(-27). Let l be -1 + -2 - (4 + -12)*k. Let h(r) = 22*r + 40. Is h(l) prime?
False
Let d be ((-121)/(-4))/((-2)/(-8)). Suppose q = 2*r - 24, 0*q - 4*q + 3*r - d = 0. Let o = q + 83. Is o prime?
False
Suppose 6*s - 1401966 = 49944. Is s a prime number?
False
Suppose 3*g - 4*g + 18 = 0. Let k be (-3 - -2)/((-2)/g). Suppose -4384 - 1745 = -k*u. Is u a composite number?
True
Let g be (-134)/4*(31 - 57). Let n = g + 118. Suppose -2*o + o = -n. Is o a prime number?
False
Let d(f) be the first derivative of -379*f**4/2 - f**2/2 - 18. Let k be d(1). Let c = k - -1400. Is c a prime number?
True
Suppose -4*u + 54 = 23*u. Suppose -4*a + s = -9328, -u*s - 2*s = 2*a - 4682. Is a composite?
False
Let u be 23 + -14 + -1*9. Suppose 5*w = 4*a - 3217 - 9807, u = 3*a + 5*w - 9733. Is a prime?
True
Let l = -12 + 13. Let k = 0 